 8
6
What is -4 (base 11) in base 9?
-4
What is 1110 (base 6) in base 15?
123
What is -1 (base 9) in base 8?
-1
What is -10 (base 2) in base 12?
-2
1100 (base 3) to base 12
30
What is 21 (base 3) in base 14?
7
Convert 5 (base 14) to base 10.
5
What is -30 (base 7) in base 11?
-1a
Convert -2 (base 6) to base 10.
-2
Convert 1133 (base 4) to base 2.
1011111
What is -11 (base 6) in base 3?
-21
Convert 32 (base 15) to base 5.
142
Convert -561 (base 8) to base 9.
-450
What is -33 (base 12) in base 9?
-43
Convert 3 (base 8) to base 2.
11
Convert -d1 (base 16) to base 10.
-209
1 (base 7) to base 4
1
What is -300 (base 4) in base 7?
-66
Convert -44 (base 5) to base 4.
-120
What is -2 (base 5) in base 13?
-2
Convert -13 (base 4) to base 15.
-7
Convert -6 (base 14) to base 2.
-110
What is 21 (base 12) in base 5?
100
Convert -1100 (base 2) to base 13.
-c
4e (base 15) to base 3
2202
-c (base 16) to base 2
-1100
What is 5 (base 14) in base 2?
101
-63 (base 11) to base 16
-45
Convert 0 (base 8) to base 15.
0
Convert 132 (base 4) to base 2.
11110
What is 10 (base 16) in base 9?
17
What is 42 (base 13) in base 12?
46
-5 (base 13) to base 14
-5
Convert -2 (base 16) to base 5.
-2
What is 10201 (base 3) in base 14?
72
Convert -4 (base 6) to base 16.
-4
Convert -1 (base 13) to base 12.
-1
32 (base 4) to base 7
20
3 (base 7) to base 10
3
What is -3a (base 11) in base 7?
-61
Convert -8b (base 16) to base 3.
-12011
ea (base 16) to base 11
1a3
Convert 1c1 (base 14) to base 4.
11231
1 (base 4) to base 3
1
What is 10 (base 4) in base 12?
4
Convert -1133 (base 4) to base 13.
-74
What is 5 (base 14) in base 13?
5
-111 (base 3) to base 7
-16
Convert 3 (base 5) to base 10.
3
Convert 213 (base 6) to base 14.
5b
Convert -21 (base 3) to base 6.
-11
Convert 3 (base 4) to base 11.
3
Convert 101 (base 2) to base 10.
5
5 (base 15) to base 10
5
Convert -10101101 (base 2) to base 11.
-148
61 (base 14) to base 11
78
8 (base 16) to base 9
8
-8 (base 9) to base 3
-22
26 (base 15) to base 8
44
Convert 1 (base 2) to base 13.
1
Convert -2 (base 14) to base 11.
-2
What is -28 (base 16) in base 5?
-130
What is 10 (base 5) in base 10?
5
What is -110 (base 2) in base 4?
-12
Convert -3a (base 11) to base 12.
-37
What is -3 (base 7) in base 14?
-3
Convert 1 (base 15) to base 14.
1
2 (base 5) to base 15
2
39 (base 12) to base 7
63
1 (base 3) to base 16
1
13 (base 5) to base 8
10
What is -37 (base 10) in base 14?
-29
-6 (base 16) to base 7
-6
-26 (base 11) to base 7
-40
What is -4 (base 7) in base 11?
-4
-33 (base 6) to base 10
-21
What is 49 (base 11) in base 3?
1222
Convert 10001011 (base 2) to base 6.
351
10 (base 3) to base 12
3
-14 (base 9) to base 15
-d
What is 147 (base 10) in base 8?
223
What is -57 (base 12) in base 13?
-52
Convert -5 (base 7) to base 6.
-5
-2 (base 5) to base 9
-2
What is 2 (base 7) in base 5?
2
What is 15 (base 9) in base 13?
11
What is -10 (base 6) in base 10?
-6
Convert 6 (base 12) to base 14.
6
-1 (base 12) to base 10
-1
Convert 5 (base 6) to base 13.
5
What is 101 (base 2) in base 11?
5
What is -2 (base 13) in base 10?
-2
Convert -6 (base 7) to base 2.
-110
Convert -8 (base 12) to base 5.
-13
What is -100 (base 2) in base 11?
-4
What is -1010 (base 2) in base 8?
-12
-10 (base 6) to base 8
-6
-d (base 16) to base 11
-12
What is -13 (base 7) in base 16?
-a
Convert -22 (base 9) to base 2.
-10100
Convert 2 (base 6) to base 13.
2
Convert 3 (base 8) to base 5.
3
100 (base 2) to base 13
4
What is e (base 15) in base 3?
112
What is 1 (base 13) in base 10?
1
Convert -28 (base 11) to base 6.
-50
What is 2 (base 11) in base 14?
2
-2c (base 13) to base 8
-46
3 (base 14) to base 6
3
11111 (base 2) to base 8
37
Convert -60 (base 15) to base 16.
-5a
-5 (base 10) to base 5
-10
Convert -30 (base 10) to base 8.
-36
Convert 11 (base 3) to base 9.
4
What is -10 (base 4) in base 5?
-4
-8 (base 12) to base 4
-20
6 (base 13) to base 16
6
23 (base 13) to base 15
1e
-7 (base 16) to base 4
-13
Convert 12 (base 12) to base 10.
14
What is -2 (base 6) in base 16?
-2
What is 31 (base 4) in base 14?
d
-1 (base 12) to base 3
-1
13 (base 14) to base 9
18
10 (base 13) to base 10
13
What is -42 (base 15) in base 12?
-52
Convert 6 (base 16) to base 8.
6
What is -10001110 (base 2) in base 15?
-97
1 (base 9) to base 13
1
Convert -2 (base 5) to base 13.
-2
Convert 23 (base 9) to base 7.
30
-194 (base 10) to base 6
-522
What is 101 (base 3) in base 2?
1010
What is 2 (base 3) in base 8?
2
166 (base 8) to base 10
118
0 (base 3) to base 7
0
-5 (base 11) to base 9
-5
Convert -16 (base 9) to base 8.
-17
Convert 39 (base 13) to base 8.
60
Convert 33 (base 4) to base 16.
f
-51 (base 10) to base 9
-56
What is 100 (base 2) in base 11?
4
Convert 69 (base 13) to base 4.
1113
What is 1 (base 14) in base 9?
1
What is 11 (base 14) in base 15?
10
What is -11100101 (base 2) in base 16?
-e5
9 (base 10) to base 6
13
What is -30 (base 9) in base 6?
-43
-12 (base 5) to base 2
-111
What is 14 (base 13) in base 16?
11
What is 22 (base 4) in base 10?
10
What is -100100001 (base 2) in base 3?
-101201
What is 1 (base 5) in base 8?
1
What is -1 (base 16) in base 5?
-1
8 (base 9) to base 14
8
-61 (base 13) to base 15
-54
What is 12 (base 3) in base 12?
5
Convert -27 (base 11) to base 12.
-25
Convert 1331 (base 4) to base 3.
11122
31 (base 13) to base 16
28
What is 14 (base 14) in base 4?
102
-1a (base 13) to base 7
-32
Convert 3 (base 9) to base 2.
11
What is -1111 (base 2) in base 10?
-15
-23 (base 4) to base 6
-15
What is -34 (base 12) in base 2?
-101000
What is 10 (base 4) in base 6?
4
3 (base 13) to base 14
3
Convert 56 (base 8) to base 12.
3a
Convert 222 (base 6) to base 12.
72
-131 (base 5) to base 14
-2d
What is 16 (base 15) in base 4?
111
Convert 5 (base 12) to base 14.
5
7 (base 15) to base 12
7
What is -8 (base 15) in base 2?
-1000
What is -2 (base 11) in base 10?
-2
Convert 18 (base 16) to base 5.
44
What is -28 (base 12) in base 7?
-44
Convert 1 (base 11) to base 6.
1
Convert -5e (base 15) to base 8.
-131
Convert 4 (base 11) to base 12.
4
Convert 104 (base 9) to base 10.
85
Convert 11 (base 12) to base 15.
d
Convert -5 (base 11) to base 14.
-5
What is -3 (base 12) in base 6?
-3
Convert -1 (base 16) to base 14.
-1
-13 (base 4) to base 11
-7
2 (base 13) to base 5
2
3 (base 12) to base 5
3
Convert -58 (base 11) to base 13.
-4b
What is -1122 (base 3) in base 2?
-101100
What is -3f (base 16) in base 6?
-143
What is -22 (base 4) in base 8?
-12
What is -6 (base 7) in base 2?
-110
Convert -10 (base 2) to base 10.
-2
-111 (base 2) to base 5
-12
Convert -23 (base 4) to base 12.
-b
Convert 1011110 (base 2) to base 15.
64
What is 1 (base 12) in base 7?
1
-49 (base 11) to base 15
-38
What is -4 (base 6) in base 15?
-4
What is -11000010 (base 2) in base 16?
-c2
What is -84 (base 9) in base 15?
-51
Convert 1e (base 15) to base 14.
21
What is -5 (base 8) in base 3?
-12
What is -c (base 13) in base 12?
-10
Convert -4 (base 11) to base 2.
-100
3 (base 6) to base 5
3
154 (base 10) to base 5
1104
Convert -226 (base 8) to base 12.
-106
-da (base 14) to base 6
-520
3 (base 15) to base 9
3
-100 (base 3) to base 8
-11
What is -10 (base 16) in base 2?
-10000
-2 (base 8) to base 14
-2
32 (base 4) to base 10
14
What is -90 (base 13) in base 7?
-225
0 (base 5) to base 12
0
5 (base 9) to base 5
10
Convert -b (base 13) to base 2.
-1011
What is 8 (base 14) in base 12?
8
-33 (base 4) to base 11
-14
What is 0 (base 10) in base 6?
0
What is 4 (base 16) in base 11?
4
Convert 340 (base 8) to base 2.
11100000
2 (base 7) to base 5
2
What is 0 (base 15) in base 7?
0
Convert 16 (base 10) to base 3.
121
1 (base 2) to base 12
1
Convert -1110000 (base 2) to base 4.
-1300
Convert 1210 (base 4) to base 12.
84
8 (base 16) to base 15
8
What is -13 (base 5) in base 9?
-8
What is -8 (base 16) in base 2?
-1000
Convert -d (base 16) to base 8.
-15
4 (base 9) to base 10
4
7 (base 14) to base 5
12
-110111 (base 2) to base 16
-37
What is a9 (base 15) in base 8?
237
101 (base 2) to base 6
5
What is -4 (base 6) in base 2?
-100
Convert 11123 (base 4) to base 7.
1004
What is -55 (base 8) in base 6?
-113
What is -16a (base 14) in base 5?
-2130
What is 101 (base 10) in base 6?
245
44 (base 15) to base 6
144
21 (base 3) to base 13
7
-21 (base 10) to base 12
-19
What is 3 (ba